/24 - y**3/3 + 143*y**2/2 + 22*y - 1. Let z(w) be the first derivative of d(w). What is z(-2)?
-12
Let d(h) = -h**3 + 7*h**2 - 7*h + 11. Suppose -837 = -3*y - 819. What is d(y)?
5
Let w(d) = -d**3 + 9*d**2 - 12*d + 18. Let v be w(8). Let z = v - -16. Let m(b) = z*b**2 + 7 + 31*b**3 - 30*b**3 - 8*b**2. Calculate m(6).
7
Let v(u) = -6*u**2 - u. Let x be v(1). Let n(k) be the second derivative of -k**3/3 - 5*k**2/2 - 3281*k. Give n(x).
9
Let k(u) = 20*u**2 + 2*u**3 - 7*u**2 + 5*u - 5 - 12*u**2 + 5*u**2 - u**3. Let z = 5 - 10. What is k(z)?
-5
Suppose -41 = 6*v - 2*v + o, 4*o - 25 = 5*v. Let y be ((-32)/6)/(-1 - 3/v). Suppose 0 = -3*s + 1 + y. Let h(w) = -w**3 + 4*w**2 + 2*w - 2. What is h(s)?
13
Let c(r) be the third derivative of 0*r + 3/20*r**5 + r**2 - 1/24*r**4 + 0*r**3 + 0. Suppose 4*v = -2*a - 6, -4*a - 13*v = -11*v. Calculate c(a).
8
Let a(z) be the third derivative of 0 - 1/12*z**4 + 1/10*z**5 + 0*z - 1/6*z**3 - 2*z**2. Suppose -208*h + 213*h - 30 = -5*k, -4*h - 32 = -4*k. Determine a(h).
7
Let b(l) be the third derivative of 13*l**5/60 - 85*l**4/12 + 11*l**3/3 + 3*l**2 - 12*l + 1. What is b(13)?
9
Let d(t) = -t**3 - 10*t**2 - 5. Let u = 444 - 224. Suppose 3*z - 25*z - u = 0. Calculate d(z).
-5
Let h(c) = -69*c. Suppose 8 = -181*o + 189*o. Calculate h(o).
-69
Let a(x) = 10*x**3 + 33*x**2 + 78*x + 272. Let y(v) = 3*v**3 + 9*v**2 + 23*v + 78. Let m(k) = 5*a(k) - 17*y(k). Give m(12).
22
Let x(i) = -2*i**2 + 3*i + 2. Suppose -41*m + 13405 = 5041. Let s = -201 + m. What is x(s)?
-7
Suppose -3*l - 60 = t, -179*t + 60 = -5*l - 174*t. Let f(s) = 14*s + 241. Calculate f(l).
-11
Let x(j) be the third derivative of 3*j**4/8 - 29*j**3/6 + 633*j**2. Give x(4).
7
Let r = 4975 - 4970. Let f(d) = d**2 - 7*d + 24. Calculate f(r).
14
Let l(x) = x**2 + 15*x + 51. Suppose -29*j - 143 - 31 = 0. What is l(j)?
-3
Let z = 35 - 3. Suppose -20*j + z = -4*j. Let o be j - (3 + -4)*(-4)/(-4). Let d(k) = k**3 - 4*k**2 + 2*k - 2. Calculate d(o).
-5
Let h(v) be the first derivative of v**4/4 + 2*v**3/3 - v**2 + 2*v + 580. Calculate h(-4).
-22
Let l = -5302 + 5303. Let k(u) = -13*u + 3. What is k(l)?
-10
Let p(u) = 2*u**3 + 4*u**2 + u - 2. Let v(k) be the third derivative of -7*k**3 - 1/12*k**4 + 0 + 17*k**2 + 0*k. Let q be v(-20). Give p(q).
-4
Suppose -4*b + 369 = 65. Let u = b - 68. Let a(l) = 2*l - 11. Let x(q) = 2*q - 11. Let g(j) = -3*a(j) + 2*x(j). Calculate g(u).
-5
Let k(y) = -7*y**2 - y. Let d(i) = -27*i**2 + 19*i - 19. Let m(s) = d(s) - 4*k(s). Determine m(-21).
-61
Let a be -8*((-5)/4 - (-75)/100). Let j(o) = o**3 - 5*o**2 + o + 12. Calculate j(a).
0
Suppose -3*y = -4 - 2. Suppose -4*s = -y*s + 74. Let t = -36 - s. Let n(d) = -7*d**3 - d**2 + 2*d - 1. Calculate n(t).
-7
Let z(v) = -28*v + 58. Let l(m) = -45*m + 92. Let w(k) = -5*l(k) + 8*z(k). Determine w(0).
4
Let w(n) be the second derivative of -5*n**3 + 41*n**2 + 1826*n. Give w(3).
-8
Let q(b) = 5*b + 1. Let s(k) = 2*k**2 + 57*k + 28. Let z(j) = -8*q(j) + s(j). Calculate z(-6).
-10
Let k(n) = -n**2 + 4*n - 1. Suppose 3*q - 11 - 1 = 0. Suppose -q*g - 113 = -121. Give k(g).
3
Let x(k) be the first derivative of k**4/4 + k**3/3 - k**2/2 - 20*k + 36. Suppose -2*q + 41 = 147. Let r = 53 + q. Determine x(r).
-20
Let u = -3016 - -3016. Let g(l) be the third derivative of -3*l**2 + 4/3*l**3 + u*l + 3/8*l**4 + 0 + 1/60*l**5. What is g(-7)?
-6
Let x(g) = -g**3 - g**2 + 4. Let z be x(0). Let v(c) = -4 + c**3 + 1 - 2*c - z*c + 2*c**2. Suppose -23*l - 44 - 48 = 0. Calculate v(l).
-11
Let w(s) = 10*s + 297. Let h be w(-30). Let y(n) = -2*n**2 - n + 4. What is y(h)?
-11
Let w(f) = -157*f**2 - 15*f - 18. Let t(y) = 863*y**2 + 77*y + 89. Let i(z) = 2*t(z) + 11*w(z). Determine i(-9).
-2
Suppose j - l + 18 = 6*j, 0 = 2*l + 4. Let q(a) = j*a + 27 - 3*a - 28 + 12*a. Let x be 2*(-2 - (-10)/4). Give q(x).
12
Let o(y) be the third derivative of y**4/2 - 7*y**3/6 - y**2 + 5*y - 130. Give o(1).
5
Let z(h) = 9*h - 145. Let s(y) = y - 16. Let u(w) = -8*s(w) + z(w). Give u(13).
-4
Let j(u) = -u + 24. Suppose -5*i - 14*i + 246 = -134. Calculate j(i).
4
Let n(b) = -b**2 + 11*b + 243. Let f be n(-11). Let y(o) = -10 + 7 + 2 - 4 + 12*o - f. Give y(2).
18
Suppose 2*g - 3*g + 4*c - 16 = 0, 5*g + 5*c - 45 = 0. Suppose g*o + o = 20. Let z be -3 + (18 - 2)/o. Let s(w) = 5*w**2. Calculate s(z).
5
Let a(q) = q**2 - 6*q - 120. Suppose 598*u - 100*u - 8910 = -1938. What is a(u)?
-8
Suppose 12*s - 8 - 40 = 0. Let j(t) = 9*t**3 + 4 + s + 0*t - 8*t**3 - 5*t**2 - 9*t. Determine j(7).
43
Let d(i) = 11*i + 19. Let m = 22027 + -22033. Determine d(m).
-47
Let u(l) = -l**3 + 24*l**2 - 24*l + 5. Let j be u(23). Let g = 74 + j. Let b = g + -51. Let s(x) = -x**2 + 5*x - 6. What is s(b)?
-6
Let m = -49 - -156. Let n = m - 73. Let w = -30 + n. Let i(r) = -r**2 + 5*r. Calculate i(w).
4
Let i(x) be the third derivative of 0*x + 1/60*x**5 - 13/6*x**3 + 1/3*x**4 + 5*x**2 + 0. Calculate i(-9).
-4
Suppose 5*m + 39 = -v, 3*m + 59 = -2*v + 37. Let i(q) = -q**3 - 8*q**2 - 3*q - 16. Determine i(m).
8
Let q = 2436 - 2428. Let t(m) = m**2 - 11*m + 5. Determine t(q).
-19
Let h = -98 + 101. Suppose -4*n - 36 = 2*z, h*n + z = -n - 32. Let y(d) = -4*d - 3. Let k(j) = -j - 1. Let g(p) = 6*k(p) - y(p). What is g(n)?
11
Let f(o) be the third derivative of -o**7/2520 - o**6/720 + 31*o**5/60 + 55*o**2. Let s(g) be the third derivative of f(g). Give s(5).
-11
Let y be ((-192)/(-18) + -10)/(2/(-24)). Let p(j) = -j**3 - 9*j**2 - 10*j - 10. Determine p(y).
6
Let z = 70 - 6. Let b(t) = 4*t**2 - z*t + 10 + 39*t + 31*t + t**3 + 2*t**2. What is b(-5)?
5
Let k(m) = 2*m + 9. Let r be (-14 - -13) + (-1)/(-1). Suppose c + 3*c + 44 = r. What is k(c)?
-13
Let x be (-352)/(-110) - (-2)/(-10). Let i(r) = -7*r**2 + 6*r - 2. Let m(v) = 4*v**2 - 3*v + 1. Let k(s) = -3*i(s) - 5*m(s). Give k(x).
1
Let o(y) = -23*y**2 - 3*y - 1. Suppose 1429 = 56*k + 1541. Determine o(k).
-87
Let w(y) = -2*y - 26. Let a = -76 + 61. Let x be w(a). Let s(i) = -3 - i**2 + 33*i + 4 - 28*i. Determine s(x).
5
Suppose 27*h = -86 - 265. Let m(w) = w**3 + 14*w**2 + 19*w + 75. Determine m(h).
-3
Let g(j) be the first derivative of 3*j**5/10 + j**3/6 - j**2/2 - 47*j - 49. Let z(v) be the first derivative of g(v). Calculate z(1).
6
Let x(v) = -v**2 - 28*v - 93. Let i be x(-24). Let a(r) = r**3 - 4*r**2 + 6*r. Give a(i).
9
Let o(a) be the first derivative of a**5/120 - a**4/4 - 25*a**3/3 - 11. Let c(j) be the third derivative of o(j). Give c(10).
4
Let i(s) be the first derivative of -s**6/120 + s**5/12 - 5*s**4/24 + s**3 - 74*s**2 - 3. Let l(t) be the second derivative of i(t). Calculate l(4).
2
Let c(q) = -3*q + 32. Let l be (-4125)/150*(-12)/20*2/3. What is c(l)?
-1
Let z(v) = -22*v - 23*v - 3 + 67*v - 24*v + 5 + 2. Let x be (6/(-4))/(1/(-6)). Suppose -3*j = 4*t - x, -3*t - 2 = 3*j - 11. Give z(j).
-2
Let o(c) = -3*c + 12. Let w(d) be the first derivative of -d**2/2 + d + 55. Let n(x) = o(x) - 2*w(x). Calculate n(3).
7
Let i(s) = 161 + 85*s**2 - 43*s**2 - 40*s**2 - 161. Let u = 1 - -1. Calculate i(u).
8
Let h(m) = 5*m**2 - 8*m - 115. Let z(q) = -10*q**2 + 16*q + 271. Let u(t) = -7*h(t) - 3*z(t). Calculate u(3).
-29
Let d(r) = r**2 + 6*r + 5. Let c be d(-6). Let s = 2265 + -2259. Let l(w) = c*w - s*w + 2*w + 7. Give l(5).
12
Let s(c) = -19*c + 32. Suppose 44*k - 89*k + 210 = -3*k. Give s(k).
-63
Let k(y) = y**3 + y**2 - 8*y - 5. Let x be 3 + -18 + (34 - 16). Calculate k(x).
7
Let t(z) be the first derivative of -27*z**2 - 5*z + 1533. Determine t(2).
-113
Let j = 6714 + -6716. Let w(b) = 37*b + 13. Calculate w(j).
-61
Let t(u) = u**3 - 5*u**2 - 18*u + 81. Let m be t(5). Let b(z) = -z**2 - 12*z. What is b(m)?
27
Let z(x) = 5*x - 27*x**2 + x - 55*x**2 + 115 + 2*x**3 + 99*x**2 - x. What is z(-9)?
-11
Let p(d) = -5*d + 21 + d - 4*d + 2*d. Suppose 2*i - 33 = 5*y, 23 = 5*i + 2*y + 13. Calculate p(i).
-3
Let i(b) = -b**3 - 15*b**2 - 3*b + 20. Let c be i(-15). Let z(d) = -13*d**2 - c + 64 - 6*d + 6*d. Calculate z(-1).
-14
Suppose -5*r + 3 = 3*v - 1, 4*r - 5*v - 18 = 0. Let w(z) = -3*z**2 - 3*z**r + 5*z**2 - 10 + 4. Give w(5).
-31
Let w(n) = -n**2 - 5*n. Let a(h) = h. Suppose 3*f - p - 1 + 2 = 0, -2 = p. Let r(j) = f*w(j) - 5*a(j). Let l = -54 + 53. What is r(l)?
1
Let x(j) = 79*j - 31*j - 28*j - 21*j - 8. Let t = 54 + -59. Determine 